ctors of 726/u + (1 + -4)*-1.
3, 23
Let k(s) be the first derivative of -s**3/3 - 13*s**2/2 - 28*s + 2. List the prime factors of k(-7).
2, 7
Let r(z) = 9*z + 20. Let t be r(11). Let o = t - 72. List the prime factors of o.
47
Let h = -8 + 11. Suppose h*r = 34 + 5. Suppose -r*w = -12*w - 55. List the prime factors of w.
5, 11
Let a = 883 + 54. What are the prime factors of a?
937
What are the prime factors of ((-612)/(-12))/((-2)/(-8))?
2, 3, 17
Suppose 10*k + 504 = 13*k. Let x = k + -84. What are the prime factors of x?
2, 3, 7
Let h(t) = -t**3 - 25*t**2 + 20*t + 4. Let v(o) = -o**3 + 3*o**2 + 6*o - 6. Let g be v(5). List the prime factors of h(g).
2, 5
Suppose 0 = -25*y + 35*y - 2160. What are the prime factors of y?
2, 3
Suppose -n = -1 - 5. Suppose -t = 2*t, 0 = -5*h + 5*t + 25. Suppose n*s + 125 = 5*j + 2*s, -s + 150 = h*j. What are the prime factors of j?
29
Suppose t = 4*n + 282, 7*n = 4*n - 6. List the prime factors of t.
2, 137
Let i be -1 + 1 - 18/1. Let h = -66 - -96. Let x = h + i. List the prime factors of x.
2, 3
Let h(t) = 36*t + 5 - 2 - 4. Let f be h(-1). Let u = f - -53. What are the prime factors of u?
2
Let d(x) = 3*x + 10. Let y(f) = -14 + 7*f - f**2 + 9*f - 19*f + 13*f. Let k be y(7). List the prime factors of d(k).
31
Suppose -3*w + 5 = -5*u, 2*u + 5 = -5*w - 3*u. Suppose 10*j - 8*j - 220 = w. What are the prime factors of j?
2, 5, 11
Let h(r) = 10*r. Let m be 1*(4 + -25)/(-3). What are the prime factors of h(m)?
2, 5, 7
Suppose -5*m = 5*w - 2010, 7*m - 4*m - 1204 = -5*w. List the prime factors of m.
13, 31
List the prime factors of (0 + 556/5)/((-2)/(-10)).
2, 139
Let v(n) = -2*n**3 - n**2 - 3*n - 3. Let f(q) = -q + 2. Suppose -3*c = -5*p + 13, 2*c + 14 = 4*p + 2. Let l be f(c). List the prime factors of v(l).
3, 5
Let q = -9 + 12. Suppose 5*b + 5*w = q*b + 199, -5*b - 3*w = -526. Suppose -2*v = 2*d - 102, -2*v - 162 = -5*d + b. What are the prime factors of d?
53
Let b(u) be the first derivative of u**3/3 - 3*u**2 - 27*u - 26. List the prime factors of b(15).
2, 3
Let j be (-4204)/(-52) + 4/26. Let k = -18 + j. List the prime factors of k.
3, 7
Let z = 31 + -28. Suppose 2*p - z = 3, 3*p + 22 = q. What are the prime factors of q?
31
Let r(q) = q**2 + 5*q - 9. Let w be r(-7). Suppose -g + 2*a = w*a - 3, 4*g + a = 12. Suppose -g*s + 162 = -0*s. List the prime factors of s.
2, 3
Let p(z) = 4*z - 4. Let w be p(2). Suppose 5 + 179 = w*h. List the prime factors of h.
2, 23
Suppose 58*y = 57*y + 199. What are the prime factors of y?
199
Suppose 5*n - 644 = -x + 6*n, -n = -4*x + 2582. List the prime factors of x.
2, 17, 19
Let x(h) = h**3 + 5*h**2 + 6. Let t be x(-5). Suppose f + f = t. Suppose 5*k - 88 - 69 = -f*r, 2*k - 2*r - 50 = 0. What are the prime factors of k?
29
Suppose -4*z - 11 = 3*w, 3*z + z + 14 = -2*w. Let q = 10 + z. Suppose j + l + 4 = 3*j, -j - l = -q. List the prime factors of j.
3
Let o(y) = -y**3 - 5*y**2 - 11*y + 7. Let i be o(-6). Let u = 127 + i. What are the prime factors of u?
2, 59
Let m = 128 + -87. Let c = 56 + m. Suppose -5*s + c = 2*q - 0*q, 0 = s + 4*q - 23. What are the prime factors of s?
19
Suppose -2*d + 169 + 1053 = 0. What are the prime factors of d?
13, 47
Suppose -16*p + 5*p = -33. Suppose -3*d = -3*b - 1032, 667 = p*d + 4*b - 337. What are the prime factors of d?
2, 5, 17
Suppose 6*o - 14 = 7144. List the prime factors of o.
1193
What are the prime factors of (-10708)/(-6) + 26/78?
3, 5, 7, 17
What are the prime factors of (-136)/(-4) + (-14 - -17)?
37
Let u = 1129 - 940. What are the prime factors of u?
3, 7
Suppose -338 - 48 = 2*h. Let t = h - -363. What are the prime factors of t?
2, 5, 17
Suppose -3 = -2*t - s, 3 = -5*t - 3*s + 8. Suppose -2*i - 448 = -2*b, t*i + 669 = -8*b + 11*b. What are the prime factors of b?
227
Let o(q) = q**3 - 13*q**2 - 77*q - 19. What are the prime factors of o(19)?
2, 3, 19
Suppose -21*z + 49 = -2744. List the prime factors of z.
7, 19
Suppose -3*q + 10 = 2*q. Suppose -5*x - 4*g = -447, q*x - 2*g + 48 = 234. List the prime factors of x.
7, 13
Let q(m) = 12*m - 8. Let t be q(-6). Let i = -9 - t. What are the prime factors of i?
71
Let t(i) = -i**2 + 2*i + 8. Let h(u) = u + 3. Suppose 2*j + 6 = 0, -57 + 20 = -5*q - j. Let g(o) = q*h(o) - 3*t(o). What are the prime factors of g(4)?
2, 7
Let j be 7 + 6/((-15)/5). Suppose 3*s - 5*s = x - 85, 2*s = -j*x + 81. List the prime factors of s.
43
What are the prime factors of (-1)/(-2) - (-18377)/34 - -2?
3, 181
Suppose -8 = 4*t, 3*w - 2*w - t - 13 = 0. Let v = w - 9. Let b(g) = 6*g**3 + 2*g. What are the prime factors of b(v)?
2, 13
Suppose 4*q + 4*k - k = 1095, 2*q - 545 = k. Let a = q + -7. List the prime factors of a.
2, 7, 19
Let k(b) = b**2 - 47. What are the prime factors of k(19)?
2, 157
Suppose 5*k = 2*k + 4*q + 14019, 3*q = -2*k + 9346. List the prime factors of k.
4673
Let h = -4 + 9. Suppose -4*x - 11 = h. Let c(z) = 3*z**2 - 2*z + 2. List the prime factors of c(x).
2, 29
Let v(k) = 1 + k + k**2 - 1 - 3. Let f be (-54)/(-10) + 4/(-10). What are the prime factors of v(f)?
3
Let q = 26 + 135. Let x = -42 + q. List the prime factors of x.
7, 17
Let j = -5 + 12. Let y be 4/2 + (-5 - 0) + 7. Suppose 47 - j = y*v. List the prime factors of v.
2, 5
Let d(z) = 10*z**2 - 7*z + 14. What are the prime factors of d(8)?
2, 13, 23
Let t(q) = q**3 + 7*q**2 - q - 5. Let h be t(-7). Let n be (-3)/h*(-4)/2. Suppose -n*f + 114 = -f. List the prime factors of f.
3, 19
Suppose 2*u - 2*m = 9860, 2*u + 3*u - 24644 = 2*m. List the prime factors of u.
2, 7, 11
Suppose -776 = -5*h + h + 4*g, 25 = -5*g. Let f = h + -74. List the prime factors of f.
5, 23
Suppose -218*o = -223*o + 22290. List the prime factors of o.
2, 3, 743
Suppose -3*l = 4*w - 3149, 0 = l + 4*w - 485 - 578. What are the prime factors of l?
7, 149
Let i(s) = s**3 - 6*s**2 - 7*s + 3. Let q be i(7). Suppose -4*z + 34 = q*k, 2*z = 2*k + z - 19. List the prime factors of k + -12 - (-13 - 2).
13
Let j = -2 - 6. List the prime factors of (j + -79)/(0 + -1).
3, 29
Let j(r) = r**2 + 14*r + 2. Let m(y) = 5*y**2 + 70*y + 10. Let x(t) = 11*j(t) - 2*m(t). Let c be (-1)/(-4) + (-260)/16. What are the prime factors of x(c)?
2, 17
Suppose 3*i = 0, -2*x - 4*i = i - 7202. What are the prime factors of x?
13, 277
Suppose 0*b - 11*b = -33. List the prime factors of b*6/(-8)*(-376)/9.
2, 47
Suppose -2*h - d + 3*d - 52 = 0, -2*h + 4*d = 48. Let v be h/(-12) - (-4)/6. Suppose 0*n - v*n = -42. List the prime factors of n.
2, 7
Let g(h) = h**2 + 32*h + 70. Let j be g(-30). Let b be (-6)/(-1)*(3 - 2). Let a = j + b. List the prime factors of a.
2
Let w(u) = 4*u**3 + 8*u**2 - 15*u + 9. Let t(f) = f**3 - f - 1. Let j(r) = 3*t(r) - w(r). Let n be j(-10). Let s = n - 24. List the prime factors of s.
2, 11
Let c = 1035 - 110. What are the prime factors of c?
5, 37
Suppose 26*u - 3632 = 10*u. List the prime factors of u.
227
Suppose 0*a = -a - o, -2*a + 3*o + 10 = 0. Suppose -122 = -5*j - 0*r + 3*r, 2*r + 52 = a*j. What are the prime factors of j?
2, 11
Let c be (-6)/(-10)*(-20)/(-4). Suppose c*o = 4*s - 163, -o = s - 0*o - 39. Let h = 76 - s. List the prime factors of h.
2, 3
Let z(c) = -13*c**3 - 20*c**2 - 2*c - 49. List the prime factors of z(-6).
7, 293
Let c be 2/5 + 6288/(-20). Let j be (-2)/12 + c/(-12). Let k = j + -9. List the prime factors of k.
17
Let c be (-3 + 0)*(60/18 + -4). Suppose -6*w + 3*w + 7 = -2*d, -w = c*d - 13. What are the prime factors of w?
5
Suppose -4*x = 4*x - 32. Suppose x*q - 30 = 58. List the prime factors of q.
2, 11
What are the prime factors of (-3 - 324)/(156/(-50) - -3)?
5, 109
Suppose 2*j - 3*j = 0. Suppose c = 5*w - w + 11, j = 2*c - 3*w - 12. List the prime factors of c/(-2)*20/(-3).
2, 5
Suppose u = 5*u + 2*q + 10, q = 5*u - 5. Suppose -c - 5 = -2*w, -2*w + 35 - 10 = 3*c. Suppose c*o - 60 - 305 = u. List the prime factors of o.
73
Let o(s) = 49*s + 29. List the prime factors of o(45).
2, 1117
Let p(m) = 590*m**2 - 3*m + 2. What are the prime factors of p(1)?
19, 31
Suppose -10*x - 4766 = -31976. List the prime factors of x.
3, 907
Suppose 3*z - v - 3908 = 0, -3526 - 1685 = -4*z + v. List the prime factors of z.
1303
Let h = 38 - 37. What are the prime factors of 59/(-1)*(h - 3)?
2, 59
Let g(c) = 2*c + 154. What are the prime factors of g(-5)?
2, 3
Sup